of 399 and 114?
57
Calculate the greatest common factor of 1770 and 45.
15
Calculate the highest common divisor of 54 and 21474.
18
Calculate the greatest common divisor of 1519 and 49.
49
Calculate the highest common factor of 36 and 15966.
18
Calculate the greatest common divisor of 112 and 536.
8
Calculate the greatest common factor of 891 and 396.
99
What is the highest common factor of 64 and 704?
64
Calculate the highest common divisor of 7616 and 204.
68
Calculate the highest common divisor of 2 and 10.
2
Calculate the greatest common factor of 106 and 6466.
106
Calculate the greatest common factor of 5925 and 237.
237
What is the highest common factor of 130 and 2353?
13
What is the highest common divisor of 11421 and 282?
141
What is the highest common divisor of 6601 and 4018?
287
Calculate the greatest common divisor of 24 and 47.
1
What is the greatest common divisor of 4692 and 136?
68
What is the greatest common divisor of 6 and 48?
6
What is the highest common divisor of 78 and 494?
26
Calculate the highest common factor of 164 and 533.
41
What is the greatest common factor of 4118 and 284?
142
What is the highest common factor of 12 and 102?
6
What is the highest common factor of 443 and 1?
1
What is the highest common divisor of 16 and 1616?
16
Calculate the highest common factor of 27120 and 16.
16
Calculate the greatest common divisor of 20 and 54.
2
Calculate the highest common factor of 42 and 147.
21
What is the highest common divisor of 265 and 65?
5
Calculate the greatest common factor of 952 and 102.
34
Calculate the highest common divisor of 700 and 5.
5
Calculate the greatest common factor of 526 and 6.
2
Calculate the greatest common factor of 82 and 1148.
82
Calculate the highest common factor of 40 and 400.
40
Calculate the highest common divisor of 5494 and 738.
82
Calculate the highest common divisor of 24295 and 430.
215
What is the highest common factor of 45 and 63?
9
What is the greatest common divisor of 1218 and 21?
21
What is the greatest common factor of 1067 and 22?
11
What is the greatest common factor of 189 and 135?
27
What is the highest common divisor of 152 and 1387?
19
Calculate the greatest common factor of 512 and 88.
8
Calculate the highest common factor of 9520 and 1071.
119
Calculate the highest common factor of 43 and 43.
43
Calculate the highest common factor of 28 and 2338.
14
Calculate the greatest common divisor of 42 and 112.
14
Calculate the highest common factor of 234 and 104.
26
Calculate the highest common factor of 972 and 60.
12
Calculate the highest common factor of 26 and 117.
13
What is the greatest common divisor of 2358 and 18?
18
Calculate the greatest common divisor of 176 and 132.
44
What is the greatest common factor of 950 and 50?
50
Calculate the greatest common factor of 204 and 6.
6
What is the greatest common factor of 20 and 20?
20
Calculate the greatest common factor of 152 and 57.
19
Calculate the highest common factor of 13 and 45500.
13
Calculate the greatest common factor of 208 and 39.
13
What is the greatest common factor of 33 and 1221?
33
What is the greatest common factor of 791 and 226?
113
What is the highest common factor of 174 and 638?
58
What is the greatest common divisor of 68 and 8602?
34
Calculate the highest common divisor of 135 and 60.
15
Calculate the greatest common factor of 3 and 33.
3
Calculate the highest common factor of 329 and 611.
47
What is the highest common divisor of 45 and 315?
45
What is the highest common factor of 102 and 20604?
102
Calculate the greatest common divisor of 81 and 9.
9
What is the highest common factor of 418 and 190?
38
What is the highest common factor of 4920 and 1599?
123
Calculate the greatest common divisor of 5846 and 74.
74
What is the highest common divisor of 556 and 4?
4
Calculate the highest common factor of 3 and 4659.
3
Calculate the highest common factor of 589 and 38.
19
Calculate the greatest common factor of 70 and 308.
14
What is the highest common factor of 114 and 70566?
114
What is the greatest common divisor of 918 and 1326?
102
What is the highest common divisor of 1196 and 368?
92
What is the highest common divisor of 34 and 272?
34
Calculate the greatest common divisor of 200 and 120.
40
Calculate the highest common factor of 86 and 301.
43
Calculate the greatest common factor of 20 and 470.
10
Calculate the highest common divisor of 2314 and 26.
26
Calculate the highest common divisor of 1856 and 348.
116
What is the highest common factor of 95 and 608?
19
What is the highest common factor of 600 and 84?
12
What is the greatest common divisor of 48846 and 21?
21
What is the highest common divisor of 121 and 110?
11
What is the greatest common factor of 62650 and 70?
70
Calculate the highest common factor of 1333 and 31.
31
Calculate the highest common factor of 2768 and 16.
16
What is the highest common divisor of 72 and 459?
9
Calculate the highest common divisor of 76 and 16.
4
Calculate the greatest common divisor of 21970 and 10.
10
What is the greatest common factor of 9 and 387?
9
What is the greatest common factor of 2 and 214?
2
What is the highest common divisor of 135 and 3510?
135
Calculate the greatest common factor of 7 and 749.
7
Calculate the greatest common factor of 2725 and 436.
109
What is the greatest common divisor of 30 and 330?
30
Calculate the greatest common factor of 85 and 221.
17
Calculate the highest common divisor of 132 and 308.
44
Calculate the highest common factor of 184 and 46.
46
What is the highest common divisor of 48 and 368?
16
What is the greatest common factor of 2204 and 266?
38
Calculate the highest common divisor of 54 and 135.
27
What is the highest common divisor of 56 and 1834?
14
What is the highest common factor of 1235 and 260?
65
Calculate the highest common factor of 112 and 7840.
112
Calculate the greatest common divisor of 126 and 78.
6
Calculate the highest common factor of 266 and 14.
14
What is the greatest common divisor of 4566 and 12?
6
Calculate the greatest common divisor of 16140 and 240.
60
Calculate the greatest common divisor of 60 and 108.
12
What is the greatest common factor of 4940 and 950?
190
Calculate the greatest common factor of 1340 and 15.
5
What is the greatest common divisor of 116 and 2?
2
Calculate the highest common divisor of 3139 and 430.
43
What is the highest common factor of 6 and 7668?
6
Calculate the highest common divisor of 90 and 4635.
45
What is the highest common factor of 18173 and 17?
17
What is the highest common factor of 144 and 42?
6
Calculate the greatest common divisor of 30 and 114030.
30
What is the greatest common factor of 1584 and 304?
16
Calculate the highest common factor of 11 and 275.
11
Calculate the greatest common factor of 63 and 2583.
63
What is the highest common factor of 256 and 4?
4
Calculate the highest common factor of 2662 and 484.
242
What is the highest common divisor of 46 and 184?
46
What is the greatest common divisor of 2810 and 15?
5
Calculate the highest common factor of 180 and 2020.
20
Calculate the highest common factor of 166 and 5395.
83
Calculate the highest common divisor of 684 and 528.
12
Calculate the highest common divisor of 5312 and 249.
83
Calculate the greatest common divisor of 2430 and 60.
30
What is the greatest common factor of 18 and 66978?
18
Calculate the greatest common divisor of 420 and 714.
42
What is the greatest common factor of 92 and 1035?
23
What is the highest common factor of 7 and 679?
7
Calculate the highest common divisor of 1717 and 17.
17
What is the greatest common factor of 345 and 759?
69
What is the greatest common divisor of 1232 and 748?
44
What is the greatest common divisor of 161 and 506?
23
What is the highest common factor of 180 and 90?
90
Calculate the highest common factor of 2670 and 30.
30
Calculate the highest common divisor of 572 and 260.
52
Calculate the highest common divisor of 72 and 4824.
72
Calculate the greatest common divisor of 48 and 300.
12
What is the highest common factor of 806 and 130?
26
Calculate the greatest common factor of 2 and 2182.
2
What is the greatest common factor of 268 and 4?
4
Calculate the highest common factor of 10 and 110.
10
Calculate the greatest common fa